*b - 93. What is the remainder when b is divided by 25?
18
Suppose -4*o + 4*c = -124, 4*o - 51 - 79 = c. Let v = -49 + o. Calculate the remainder when 33 is divided by ((-30)/(-2))/(v - -17).
3
Let h = -8 + 9. Let n = -463 - -495. What is the remainder when n is divided by 2*9 - 1/h?
15
Suppose 8*g = -g - 36. Let f = 20 - 16. What is the remainder when (-1)/g - (0 - 283/f) is divided by 19?
14
Let h = -3 + -17. Let r be (0 - 38)/(h/70). What is the remainder when r + (2 - (-3 + 7)) is divided by 44?
43
Let a(v) be the second derivative of v**4/12 + v**3/6 - 15*v**2/2 - 26*v. What is the remainder when 69 is divided by a(-5)?
4
Let j = 469 - 219. What is the remainder when j is divided by (36/(-8) + -6)*16/(-6)?
26
Let o = -5287 - -5415. Calculate the remainder when 807 is divided by o.
39
Let s = -9 - -99. What is the remainder when 534 is divided by s?
84
Suppose 123*v - 35234 = 240778. What is the remainder when v is divided by 736?
36
Let z = 74 + -49. Suppose 5*x - 5 - z = 0. Suppose -13*h + 170 = -12. What is the remainder when h is divided by x?
2
Let d be (110/(-15))/((-4)/(-6)). Let v = d + 22. Suppose 8*f + 20 = 13*f. Calculate the remainder when v is divided by f.
3
Let v = 4418 - 4292. What is the remainder when 4535 is divided by v?
125
Let y = 73 - 35. What is the remainder when (-1275)/34*-2*(1 - 0) is divided by y?
37
Let c(p) = -p**2 + 7*p - 5. Let d be c(2). Let q(z) = -z**3 + 4*z**2 + 2*z - 1. What is the remainder when q(-2) is divided by ((-2)/3 - -3)/(d/15)?
5
Let i(b) = 20*b**2 + b - 1. Let z be i(1). Calculate the remainder when (-15)/(-2)*312/z is divided by 5.
2
Let z(s) = 6*s - 57. Suppose 122 = 12*a - 1210. Calculate the remainder when a is divided by z(18).
9
Calculate the remainder when (-216548)/(-344) - 7/(-2) is divided by 45.
3
Let y(t) = -t**3 - 6*t**2 - t + 7. Let h be 147/42*100/(-35). What is the remainder when h - 1050/(-40) - (-15)/(-12) is divided by y(-6)?
2
Suppose 359*q - 778*q = -35196. Suppose 3*k = 4*z + 29, 3*z + 5 = 3*k - 19. Calculate the remainder when q is divided by k.
0
Let k(p) = p**2 - 2*p + 47. Suppose -z - 4 = -5*t + 4, -2*z - 4*t = 16. Calculate the remainder when k(z) is divided by 32.
31
Suppose 2*f - 2 = 8. Suppose n = f*n - 768. Let h = n - 88. What is the remainder when h is divided by 27?
23
Suppose -5*d = -4*r + 2227, 15*d + 2759 = 5*r + 17*d. What is the remainder when r is divided by 15?
13
Let v(n) = -n**2 - 6*n + 5. Let p be v(3). Suppose -5*a = 5*w + 185, -6 = -0*w + 2*w. Let q = p - a. What is the remainder when 94 is divided by q?
10
Let d(f) = -3*f**2 + 27*f + 8. Let x(y) = -y**2 + y + 1. Let n(m) = -d(m) + 2*x(m). Let w = -10 + 88. Calculate the remainder when w is divided by n(26).
18
What is the remainder when (-24)/(-30) - ((-35007)/35 + 12) is divided by 16?
13
Suppose 0 = -z - b + 62, 3*b - 245 = -4*z + 2*b. Let l(s) = -139*s**3 - 200*s**2 + 6*s - 2. Calculate the remainder when l(-2) is divided by z.
54
Let f = 180 + -179. What is the remainder when 66 is divided by (1 - -5)*(f + 58/12)?
31
Suppose -206*r = -193*r + 65. Let y(x) = 4*x + 3. Let w be y(-2). Calculate the remainder when 21 is divided by (22/2)/(w/r).
10
Let n = -25 + 42. Suppose -2*v - 172 = -580. Suppose 3*c = -4*d + 110 + 141, -v = -3*d + 3*c. Calculate the remainder when d is divided by n.
14
Let y = 193 + -85. Let k = -33 + 55. Suppose o = 2*o - k. Calculate the remainder when y is divided by o.
20
Calculate the remainder when 1 - 1 - (21 - 78)*66 is divided by 4.
2
Let l(y) = 167*y - 655. Let a = -10 + 5. Let g(v) = -v**3 - 5*v**2 - 2*v - 3. What is the remainder when l(4) is divided by g(a)?
6
Suppose 7*o - 145 = 6*o. Let n = o - 86. Let v = -36 + n. Calculate the remainder when 89 is divided by v.
20
Let o(l) = -l**2 + 19*l - 29. Let k be o(9). Suppose -w = w + 3*q - 247, w - 131 = -3*q. Let m = w - k. What is the remainder when m is divided by 15?
10
Let t(x) = 133*x**2 + 1462*x + 5. Suppose 3*a + 0*a - 12 = 0. Suppose -4*r = o - 128, a*r - o = o + 116. Calculate the remainder when r is divided by t(-11).
15
Suppose 0 = -5*x + 22*x - 2414. Calculate the remainder when x + 1/(-2 - -3) is divided by 24.
23
Let j be ((8532/(-15))/(-6))/(3/(-10)). Let s = j - -409. Calculate the remainder when s is divided by 17.
8
Suppose 7*g - 230 = 2*g. Let l = 1672 + -850. Suppose 38*i = 32*i + l. Calculate the remainder when i is divided by g.
45
Suppose -26*p + 9*p = -8*p - 396. Calculate the remainder when 101 is divided by p.
13
Let t(m) = -2*m**2 + 54*m + 62. What is the remainder when 4406 is divided by t(21)?
10
Suppose -14*t - 288 = -421 - 945. What is the remainder when 2306 is divided by t?
73
Suppose 2*o = -3*m + 64, -291*m = -2*o - 287*m + 36. What is the remainder when 784 is divided by o?
4
Suppose -7*f + 54 = -51. Suppose -10*b + 85 - f = 0. What is the remainder when 8 is divided by b?
1
Suppose -64*v = -86*v + 792. Let x = 23 + 62. What is the remainder when x is divided by v?
13
Suppose -19*m - 26*m + 3951 - 171 = 0. What is the remainder when m is divided by 24?
12
Suppose 4*x - 2*p - 1644 = 0, 2*x + 411*p - 810 = 415*p. What is the remainder when x is divided by (-16)/6*39/(-2)?
49
Suppose 12*l - 49 = 19*l. Let m(y) = -2*y - 10. What is the remainder when 8 is divided by m(l)?
0
Suppose -90*a + 1010 = 5*f - 93*a, 4*f = -3*a + 781. What is the remainder when f is divided by 12?
7
Let p(z) = 91*z**2 - 34*z + 10. What is the remainder when p(-4) is divided by 105?
27
Let i = 170 + -101. Suppose 3*g - 192 = i. What is the remainder when g is divided by ((-5 - -39) + -1)/(6/4)?
21
Let k(n) = -n**2 + 7*n + 9. Let d = 10 - -6. Suppose -28 = d*b - 20*b. What is the remainder when 13 is divided by k(b)?
4
Suppose 4*g - 3682 = -3*c, -2*g - 4924 = -9*c + 5*c. What is the remainder when c is divided by 7?
5
Suppose 2*a + 17 = 3*a - 2*c, -3*a = -5*c - 50. Let v be (-1)/(4/(22*-4)). Let f = v + 34. Calculate the remainder when f is divided by a.
11
Let x = -3402 + 4862. Calculate the remainder when x is divided by 34.
32
Let v(o) be the first derivative of o**4/2 - 13*o**3/3 - 15*o**2 + 2*o - 66. What is the remainder when v(9) is divided by 5?
2
Suppose -2*m + 69 = g - 112, -2*m + 5*g = -163. Let a = 726 + -450. Calculate the remainder when a is divided by m.
9
Let a(v) = 0*v**2 + 36*v**2 - 4 + 33*v**2 + 3*v. Let z be a(3). What is the remainder when 2/(z/(-157) - -4) is divided by 40?
37
Let h(p) = 3*p**2 - 15*p + 5. Suppose 142*w - 136*w - 522 = 0. What is the remainder when w is divided by h(5)?
2
Suppose 287 = -4*l + 367. What is the remainder when 336 is divided by l?
16
Suppose 0 = 6*q - q - 10. Suppose 6 = 3*t - 3*s, -8*s + 12 = -12*s. Calculate the remainder when 62 is divided by 28/2 - (0 + q + t).
10
Suppose 4*o - 2*o - 4*w - 88 = 0, 5*w - 20 = 0. Calculate the remainder when o is divided by 44.
8
Let q(s) = 0*s**2 - 4*s**2 + 4*s**3 - 3 - 2*s + 2. Let a = -64 - -68. What is the remainder when q(a) is divided by 47?
42
Calculate the remainder when (-1 + 0)*(-401 + -4 + 9) is divided by 10/(-12) - ((-75123)/54)/17.
72
Suppose -3*a - 57*f + 83 = -55*f, -a - 5*f + 19 = 0. Let p = 12 - 2. What is the remainder when a is divided by p?
9
Let h(i) = 3*i**2 - 18*i - 37. Let q = 118 - 108. What is the remainder when 328 is divided by h(q)?
79
Let f = 797 - 782. Calculate the remainder when 4229 is divided by f.
14
Let t = 71 + -50. Calculate the remainder when 0 + 5 - -20 - (-66)/22 is divided by t.
7
Let w = 1637 + -1559. What is the remainder when 2254 is divided by w?
70
Suppose -n - 46 = -4*h, -3*h - 20 + 52 = -2*n. Suppose -9*b = -13*b + h. Suppose 5*u + b*u - 56 = 0. Calculate the remainder when 27 is divided by u.
6
Let m(h) = -7*h + 2. What is the remainder when m(-6) is divided by (-27 - (-5838)/133) + (-2)/(-19)?
10
Let j = -3 + 3. Suppose 25 = 23*r - 44. Suppose j*i + 128 = r*i - 2*g, 123 = 3*i - 3*g. What is the remainder when 181 is divided by i?
43
Let t(d) = d**3 + 5*d + 17. Let b = 289 + -289. Calculate the remainder when 31 is divided by t(b).
14
Let i(l) = -l**3 + 2*l**2 - 11*l + 15. Let q be i(7). Let f = q + 595. What is the remainder when f is divided by 29?
27
Let f(r) = -23*r - 312. What is the remainder when f(-31) is divided by 15?
11
What is the remainder when (12/(-48) - 